{"id":997,"date":"2021-05-06T13:34:40","date_gmt":"2021-05-06T11:34:40","guid":{"rendered":"https:\/\/site.uit.no\/via\/?page_id=997"},"modified":"2021-08-24T19:41:15","modified_gmt":"2021-08-24T17:41:15","slug":"kursinformasjon","status":"publish","type":"page","link":"https:\/\/site.uit.no\/via\/kurs\/bimtilcave\/kursinformasjon\/","title":{"rendered":"BtC kursinformasjon"},"content":{"rendered":"\t\t<div data-elementor-type=\"wp-page\" data-elementor-id=\"997\" class=\"elementor elementor-997\" data-elementor-post-type=\"page\">\n\t\t\t\t\t\t<section class=\"elementor-section elementor-top-section elementor-element elementor-element-25534a1c elementor-section-boxed elementor-section-height-default elementor-section-height-default\" data-id=\"25534a1c\" data-element_type=\"section\" data-e-type=\"section\">\n\t\t\t\t\t\t<div class=\"elementor-container elementor-column-gap-default\">\n\t\t\t\t\t<div class=\"elementor-column elementor-col-100 elementor-top-column elementor-element elementor-element-e5bb960\" data-id=\"e5bb960\" data-element_type=\"column\" data-e-type=\"column\">\n\t\t\t<div class=\"elementor-widget-wrap elementor-element-populated\">\n\t\t\t\t\t\t<div class=\"elementor-element elementor-element-f6e20be elementor-widget elementor-widget-heading\" data-id=\"f6e20be\" data-element_type=\"widget\" data-e-type=\"widget\" data-widget_type=\"heading.default\">\n\t\t\t\t<div class=\"elementor-widget-container\">\n\t\t\t\t\t<h2 class=\"elementor-heading-title elementor-size-default\">BIM TIL CAVE<\/h2>\t\t\t\t<\/div>\n\t\t\t\t<\/div>\n\t\t\t\t<div class=\"elementor-element elementor-element-b6b6ea8 elementor-widget elementor-widget-text-editor\" data-id=\"b6b6ea8\" data-element_type=\"widget\" data-e-type=\"widget\" data-widget_type=\"text-editor.default\">\n\t\t\t\t<div class=\"elementor-widget-container\">\n\t\t\t\t\t\t\t\t\t<p>Kursinformasjon<\/p>\t\t\t\t\t\t\t\t<\/div>\n\t\t\t\t<\/div>\n\t\t\t\t<div class=\"elementor-element elementor-element-64a52c0 animated-slow elementor-invisible elementor-widget elementor-widget-button\" data-id=\"64a52c0\" data-element_type=\"widget\" data-e-type=\"widget\" data-settings=\"{&quot;_animation&quot;:&quot;flash&quot;,&quot;_animation_delay&quot;:&quot;500&quot;}\" data-widget_type=\"button.default\">\n\t\t\t\t<div class=\"elementor-widget-container\">\n\t\t\t\t\t\t\t\t\t<div class=\"elementor-button-wrapper\">\n\t\t\t\t\t<a class=\"elementor-button elementor-button-link elementor-size-sm\" href=\"https:\/\/site.uit.no\/via\/kurs\/bimtilcave\/pamelding\/\" target=\"_blank\">\n\t\t\t\t\t\t<span class=\"elementor-button-content-wrapper\">\n\t\t\t\t\t\t\t\t\t<span class=\"elementor-button-text\">P\u00e5melding<\/span>\n\t\t\t\t\t<\/span>\n\t\t\t\t\t<\/a>\n\t\t\t\t<\/div>\n\t\t\t\t\t\t\t\t<\/div>\n\t\t\t\t<\/div>\n\t\t\t\t<div class=\"elementor-element elementor-element-64274ba elementor-widget elementor-widget-text-editor\" data-id=\"64274ba\" data-element_type=\"widget\" data-e-type=\"widget\" data-widget_type=\"text-editor.default\">\n\t\t\t\t<div class=\"elementor-widget-container\">\n\t\t\t\t\t\t\t\t\t<h5><span style=\"color: #66917c\">Kursdato:\u00a0<\/span><\/h5><p><a href=\"https:\/\/site.uit.no\/via\/kurs\/bimtilcave\/kurskalender\/\">SE TIDSPLAN FOR KURSET<\/a><\/p>\t\t\t\t\t\t\t\t<\/div>\n\t\t\t\t<\/div>\n\t\t\t\t<div class=\"elementor-element elementor-element-61d506b elementor-widget elementor-widget-image\" data-id=\"61d506b\" data-element_type=\"widget\" data-e-type=\"widget\" data-widget_type=\"image.default\">\n\t\t\t\t<div class=\"elementor-widget-container\">\n\t\t\t\t\t\t\t\t\t\t\t\t\t\t\t<img fetchpriority=\"high\" decoding=\"async\" width=\"521\" height=\"388\" src=\"https:\/\/site.uit.no\/via\/wp-content\/uploads\/sites\/399\/2021\/05\/Kursinfo_1448_2-1024x762.png\" class=\"attachment-large size-large wp-image-1075\" alt=\"\" srcset=\"https:\/\/site.uit.no\/via\/wp-content\/uploads\/sites\/399\/2021\/05\/Kursinfo_1448_2-1024x762.png 1024w, https:\/\/site.uit.no\/via\/wp-content\/uploads\/sites\/399\/2021\/05\/Kursinfo_1448_2-300x223.png 300w, https:\/\/site.uit.no\/via\/wp-content\/uploads\/sites\/399\/2021\/05\/Kursinfo_1448_2-768x571.png 768w, https:\/\/site.uit.no\/via\/wp-content\/uploads\/sites\/399\/2021\/05\/Kursinfo_1448_2-470x350.png 470w, https:\/\/site.uit.no\/via\/wp-content\/uploads\/sites\/399\/2021\/05\/Kursinfo_1448_2.png 1078w\" sizes=\"(max-width: 521px) 100vw, 521px\" \/>\t\t\t\t\t\t\t\t\t\t\t\t\t\t\t<\/div>\n\t\t\t\t<\/div>\n\t\t\t\t<div class=\"elementor-element elementor-element-853485d elementor-widget elementor-widget-text-editor\" data-id=\"853485d\" data-element_type=\"widget\" data-e-type=\"widget\" data-widget_type=\"text-editor.default\">\n\t\t\t\t<div class=\"elementor-widget-container\">\n\t\t\t\t\t\t\t\t\t<h5><span style=\"color: #66917c;font-family: Poppins;font-size: 1.25em;font-weight: bold;text-align: inherit\">Om kurset:<\/span><\/h5><h6><span style=\"color: #66917c\">Form\u00e5l :<\/span><\/h6><p>Kurset er planlagt som oppf\u00f8lging av sertifiseringskurset for Visualiseringssenteret i Arktis (ViA) men sertifisering er IKKE et krav for deltakelse. M\u00e5let med kurset er \u00e5 l\u00e6re senterets brukere hvordan \u00e5 bearbeide BIM modeller til visning i CAVE.\u00a0<span style=\"text-align: inherit\">\u00a0<\/span><\/p><h6><span style=\"color: #66917c\">Kursinnhold:<\/span><\/h6><p><span style=\"color: #66917c\"><strong>Modul I\/ webinar<\/strong><\/span> &#8211; Intro:<br \/>Kursdeltaker skal kunne lage dataspill i Unity, velge passende alternative for \u00e5 hente inn BIM modeller til CAVE og \u00e5 sette opp scenen med Collaprime oppsett.<\/p><p><span style=\"color: #66917c\"><strong>Modul II\/ webinar<\/strong><\/span> \u2013 3D filer til Unity<br \/>Kursdeltaker skal kunne lese inn FBX og Wavefront OBJ filer i Unity og l\u00e6re om grunnleggende teknikker for modell bearbeiding i Unity.<\/p><p><span style=\"color: #66917c\"><strong>Modul III\/ webinar<\/strong><\/span> \u2013 IFC til Unity<br \/>Kursdeltaker skal kunne lese inn IFC filer i Unity.<\/p><p><strong><span style=\"color: #66917c\">Prosjektarbeid:<\/span><br \/><\/strong>Kursdeltaker skal bruke en eller flere BIM modeller for \u00e5 lage et spill til CAVE visning.<\/p><h5><span style=\"color: #66917c\">Kursformat:<\/span><\/h5><p><span style=\"color: #433c29\">Kurset er delt p\u00e5 tre moduler. Det blir fire \u00e9n timers lang webinarer, \u00e9n for hver modul og \u00e9n ved oppstart. Prosjektarbeid skal utf\u00f8res innen en m\u00e5nedstid fra startdato.<\/span><\/p><h5><span style=\"color: #66917c\">Opptakskrav:<\/span><\/h5><p>Kursdeltakeren b\u00f8r ha grunnleggende digitale ferdigheter, har egen datamaskin som kan kj\u00f8re dataspill og BIM\/ 3D programvarer og har kjennskap til 3D- modellering og\/eller BIM.<\/p><h6>\u00a0<\/h6><p class=\"MsoNormal\">\u00a0<\/p>\t\t\t\t\t\t\t\t<\/div>\n\t\t\t\t<\/div>\n\t\t\t\t\t<\/div>\n\t\t<\/div>\n\t\t\t\t\t<\/div>\n\t\t<\/section>\n\t\t\t\t<\/div>\n\t\t","protected":false},"excerpt":{"rendered":"<p>BIM TIL CAVE Kursinformasjon P\u00e5melding Kursdato:\u00a0 SE TIDSPLAN FOR KURSET Om kurset: Form\u00e5l : Kurset er planlagt som oppf\u00f8lging av sertifiseringskurset for Visualiseringssenteret i Arktis (ViA) men sertifisering er IKKE et krav for deltakelse. M\u00e5let med kurset er \u00e5 l\u00e6re senterets brukere hvordan \u00e5 bearbeide BIM modeller til visning i &hellip;<\/p>\n","protected":false},"author":1004,"featured_media":0,"parent":1082,"menu_order":0,"comment_status":"closed","ping_status":"closed","template":"","meta":{"footnotes":""},"class_list":["post-997","page","type-page","status-publish","hentry"],"_links":{"self":[{"href":"https:\/\/site.uit.no\/via\/wp-json\/wp\/v2\/pages\/997","targetHints":{"allow":["GET"]}}],"collection":[{"href":"https:\/\/site.uit.no\/via\/wp-json\/wp\/v2\/pages"}],"about":[{"href":"https:\/\/site.uit.no\/via\/wp-json\/wp\/v2\/types\/page"}],"author":[{"embeddable":true,"href":"https:\/\/site.uit.no\/via\/wp-json\/wp\/v2\/users\/1004"}],"replies":[{"embeddable":true,"href":"https:\/\/site.uit.no\/via\/wp-json\/wp\/v2\/comments?post=997"}],"version-history":[{"count":28,"href":"https:\/\/site.uit.no\/via\/wp-json\/wp\/v2\/pages\/997\/revisions"}],"predecessor-version":[{"id":1195,"href":"https:\/\/site.uit.no\/via\/wp-json\/wp\/v2\/pages\/997\/revisions\/1195"}],"up":[{"embeddable":true,"href":"https:\/\/site.uit.no\/via\/wp-json\/wp\/v2\/pages\/1082"}],"wp:attachment":[{"href":"https:\/\/site.uit.no\/via\/wp-json\/wp\/v2\/media?parent=997"}],"curies":[{"name":"wp","href":"https:\/\/api.w.org\/{rel}","templated":true}]}}