{"id":1360,"date":"2019-05-06T17:02:47","date_gmt":"2019-05-06T15:02:47","guid":{"rendered":"https:\/\/site.uit.no\/viscam\/?page_id=1360"},"modified":"2021-06-10T09:43:04","modified_gmt":"2021-06-10T07:43:04","slug":"outils-dapprentissage","status":"publish","type":"page","link":"https:\/\/site.uit.no\/viscam\/outils-dapprentissage\/","title":{"rendered":"Outils d&#8217;apprentissage"},"content":{"rendered":"<h6>PROJET VISCAM &#8211; OUTILS D&#8217;APPRENTISAGE<\/h6>\n<p><span class=\"VIiyi\" style=\"color: #000000\" lang=\"fr\"><span class=\"JLqJ4b ChMk0b\">En plus des conf\u00e9rences, ateliers et projections de films qui ont eu lieu dans nos universit\u00e9s au Cameroun et en Norv\u00e8ge, nous avons cr\u00e9\u00e9 des outils d&#8217;enseignement en ligne pour promouvoir l&#8217;accessibilit\u00e9 des connaissances pour les \u00e9tudiants non mobiles.<\/span> <span class=\"JLqJ4b ChMk0b\">Les outils se composent de conf\u00e9rences vid\u00e9o, de textes et de devoirs en ligne.<\/span><\/span><\/p>\n<p style=\"text-align: center\"><a href=\"https:\/\/site.uit.no\/viscam\/film-dans-la-recherche-interculturelle-histoire-du-film\/\">1. FILM DANS LA RECHERCHE INTERCULTURELLE (SVF 3105)<\/a><\/p>\n<p style=\"text-align: center\"><a href=\"https:\/\/site.uit.no\/viscam\/revision-de-textes-ethnographiques\/\">2. <span class=\"VIiyi\" lang=\"fr\"><span class=\"JLqJ4b ChMk0b\">R\u00c9VISION DES TEXTES ETHNOGRAPHIQUES <\/span><\/span><\/a><a href=\"https:\/\/site.uit.no\/viscam\/film-dans-la-recherche-interculturelle-histoire-du-film\/\">(SVF 3101)<\/a><\/p>\n<p style=\"text-align: center\"><a href=\"https:\/\/site.uit.no\/viscam\/methodologie-ethnographique-a-travers-des-extraits-de-film\/\">3. M\u00c9THODOLOGIE ETHNOGRAPHIQUE <span class=\"VIiyi\" lang=\"fr\"><span class=\"JLqJ4b ChMk0b C1N51c\">\u00c0<\/span><\/span> TRAVERS DES EXTRAITS DE FILM<\/a><\/p>\n<p>&nbsp;<\/p>\n","protected":false},"excerpt":{"rendered":"<p>PROJET VISCAM &#8211; OUTILS D&#8217;APPRENTISAGE En plus des conf\u00e9rences, ateliers et projections de films qui ont eu lieu dans nos universit\u00e9s au Cameroun et en Norv\u00e8ge, nous avons cr\u00e9\u00e9 des outils d&#8217;enseignement en ligne&#46;&#46;&#46;<\/p>\n","protected":false},"author":945,"featured_media":0,"parent":0,"menu_order":0,"comment_status":"closed","ping_status":"closed","template":"","meta":{"ngg_post_thumbnail":0,"footnotes":""},"class_list":["post-1360","page","type-page","status-publish","hentry"],"_links":{"self":[{"href":"https:\/\/site.uit.no\/viscam\/wp-json\/wp\/v2\/pages\/1360","targetHints":{"allow":["GET"]}}],"collection":[{"href":"https:\/\/site.uit.no\/viscam\/wp-json\/wp\/v2\/pages"}],"about":[{"href":"https:\/\/site.uit.no\/viscam\/wp-json\/wp\/v2\/types\/page"}],"author":[{"embeddable":true,"href":"https:\/\/site.uit.no\/viscam\/wp-json\/wp\/v2\/users\/945"}],"replies":[{"embeddable":true,"href":"https:\/\/site.uit.no\/viscam\/wp-json\/wp\/v2\/comments?post=1360"}],"version-history":[{"count":19,"href":"https:\/\/site.uit.no\/viscam\/wp-json\/wp\/v2\/pages\/1360\/revisions"}],"predecessor-version":[{"id":3484,"href":"https:\/\/site.uit.no\/viscam\/wp-json\/wp\/v2\/pages\/1360\/revisions\/3484"}],"wp:attachment":[{"href":"https:\/\/site.uit.no\/viscam\/wp-json\/wp\/v2\/media?parent=1360"}],"curies":[{"name":"wp","href":"https:\/\/api.w.org\/{rel}","templated":true}]}}